. What is y(p)?
11
Suppose 4*p - 12*p + 24 = 0. Let f(s) = 5*s**2 - s - 5 - s**p - 3 + 9. What is f(5)?
-4
Let f(t) = -t**3 - 2*t**2. Let h(c) = -7*c**3 - 26*c**2 + 17*c + 32. Let j(i) = 6*f(i) - h(i). Give j(-15).
-2
Let p(o) = -3*o + 5. Let c be (-9)/(-1) + -13 + 12. Suppose 4*g - f - 6 = c, 10 = g + 3*f. Give p(g).
-7
Let r(y) = y**2 - 2*y - 18. Let l be r(8). Suppose 11*g = 16*g - l. Let b(i) be the first derivative of -i**2 + 6*i - 1. Calculate b(g).
-6
Let p(n) = -n**2 + 6*n - 7. Let w be (-18)/(3*(-4)/8). Suppose -4*q + w = -3*q. Suppose 0*i + q = 2*i. What is p(i)?
-7
Let n be 88/56 + (-9)/(-21). Suppose -o + 3*b + n*b - 23 = 0, -2*o = 4*b - 10. Let i(a) = a + 4. What is i(o)?
1
Suppose 0 = k - s, 2*k - 2*s = -2*k. Suppose 6*l - l + i + 75 = k, 0 = -4*i. Let r be (2/3)/((-2)/l). Let c(d) = d**2 - 5*d + 7. Calculate c(r).
7
Suppose 81 + 7 = 44*f. Let h(i) = 2*i**2 - i**3 + i - 5 + 3 + i. What is h(f)?
2
Let z(o) be the first derivative of o**2 + o - 6. Let y(v) be the first derivative of 5*v**2/2 + 3*v + 1. Let r(l) = -3*y(l) + 7*z(l). Determine r(2).
-4
Let o(l) = 17*l**2 + 2*l - 1. Let n be o(1). Let p = 12 - n. Let r(t) be the first derivative of -t**3/3 - 5*t**2/2 + 4*t - 2. Determine r(p).
-2
Let x(l) be the first derivative of -l**4/12 - 7*l**3/6 - l**2 - 14*l - 30. Let y(p) be the first derivative of x(p). Determine y(-5).
8
Let g be ((-2)/(-3))/((-30)/315). Let x(k) = -4*k - 9. Determine x(g).
19
Let o(s) = -4*s - 4. Suppose -111 = -5*a + 119. Let k = a + -43. Determine o(k).
-16
Let k(a) = 2*a - 12. Let f(z) = -1. Let v(s) = -28*f(s) + 2*k(s). Suppose 4*j - 3*u + 32 = 0, 0 = -3*j - 0*j - 2*u - 7. Calculate v(j).
-16
Let c(n) = -n - 4. Let z(q) = q**2 + 4*q - 11. Let b be z(-5). Let g be c(b). Let a(d) = -4*d - 8*d + 1 + 8*d. Determine a(g).
-7
Let l(x) be the second derivative of -x**5/20 + x**4/2 + 5*x**3/3 - x**2 - 2*x. Let j be 1/((-4)/(-28))*2/2. What is l(j)?
19
Let q(m) = 2*m + 3. Let p(w) = -1 + 2*w + w**2 - w**2 - 2*w**2 + w**2. Let n be p(1). Suppose -l + n = -3. What is q(l)?
9
Let u be (56/70)/(1/(-10)). Let x(k) = -k - 12. What is x(u)?
-4
Let l = -24 + 26. Suppose -16 + 4 = l*q. Let z(y) = -y**2 - 5*y + 2. Calculate z(q).
-4
Let x(t) = -61*t**3 - t**2 - 6*t**2 + 5*t + 62*t**3 + 2*t**2. Let r = 100 - 96. Determine x(r).
4
Let i(w) = 6*w - 3*w + 11*w - 14 + 3*w. Let b(c) = 6*c - 5. Let r(m) = -11*b(m) + 4*i(m). What is r(4)?
7
Let a(b) be the third derivative of -b**6/120 + 3*b**5/10 + 8*b**3/3 - b**2 - 5*b. What is a(18)?
16
Let u(v) = -v - 6. Let h be u(-8). Let c(j) = 5*j + 0 - 1 - 11*j + 11*j. What is c(h)?
9
Let b(p) be the second derivative of 5/2*p**2 - 1/20*p**5 + 0 - 3/2*p**3 + 5*p + 2/3*p**4. Determine b(7).
-9
Let o(p) = p - 3. Suppose n - 3*n = -2. Suppose 0 = -2*a + a - n. Let x be -1*a/(-3)*-6. What is o(x)?
-1
Let s(l) = 3*l + 10 - l + 0 - 3 - l**2 - 3. Let j be 19/7 + 2/7. Give s(j).
1
Let z(a) = 306*a**3 - a**2 + 302*a**3 - 607*a**3 + 12. Give z(0).
12
Suppose -8*p = 4*g - 10*p - 16, -4*p - 4 = -g. Let l(o) be the first derivative of o**2/2 - o + 2. Calculate l(g).
3
Let j(a) = -a**3 + 21*a**2 - 31*a + 15. Let u(k) = -k**3 + 21*k**2 - 33*k + 15. Let t(m) = -6*j(m) + 5*u(m). What is t(20)?
5
Let l(f) = -f**2 - 2*f + 5. Let o be ((-24)/20)/(((-21)/(-20))/(-7)). Let a be 1/(-3)*0 + 16. Suppose -4*b + b = v + a, -4*v - o = -2*b. Determine l(v).
-3
Let v(n) = n**3 - 2*n**2 - 2*n - 3. Let c be v(3). Let d(f) = 4 + c*f - f - 8 - 3. Determine d(-6).
-1
Let z(l) be the second derivative of l**3/6 - l**2/2 - l. Let g be z(3). Let m(n) = 91 - 93 + 2*n + 6*n**3 - 5*n**2 - 5*n**3. Determine m(g).
-10
Let j(r) = 2*r - 11. Let a be j(7). Let h(f) = -f**3 + 6*f**2 - 5*f + 3. Let w be h(5). Let c(i) = 6 + 2*i - i**2 - w + 2*i. Calculate c(a).
6
Let u(m) = -m**3 - 3*m**2 + 4*m + 1. Suppose 4*t + 105 - 5 = 0. Suppose -p = -12*r + 7*r - 27, 2*p = 2*r + 46. Let s = t + p. Give u(s).
-11
Let f(j) = -j**3 - 4*j**2 - 3*j + 2. Let b(c) = -2*c + 39. Let r be b(-8). Let p be r/(-11) + 2/2. Give f(p).
14
Let l(k) be the third derivative of -k**5/20 - 7*k**4/24 - 3*k**3/2 + 563*k**2. Determine l(-3).
-15
Let b(h) = -h - 4. Suppose -4 = 22*d - 18*d. Let o be 3/(-6)*(23 + 5/d). Determine b(o).
5
Suppose -f - i = -5*i, -3*i - 11 = 2*f. Let t(n) = -n - 3. Let l(j) = 3*j + 8. Suppose 3*c - 23 + 56 = 0. Let g(z) = c*t(z) - 4*l(z). Calculate g(f).
5
Let v(h) be the third derivative of h**4/8 - 3*h**3/2 - 2*h**2 - 26. What is v(10)?
21
Let l(u) = -2*u + 3 + 0*u - 6 - 2 - u. What is l(-3)?
4
Suppose 2*b - b = 2*q - 10, -2*b - 2*q - 44 = 0. Let g = 23 + b. Let s(x) = -x**2 + 6*x - 7. Give s(g).
-2
Let y(c) = 35*c - 10 - 6 - 36*c. Calculate y(-13).
-3
Let u(f) = -11*f. Let k = -3 + 10. Suppose -2*o - 5 - k = 2*z, 3*z - 4*o = 17. Calculate u(z).
11
Let n(u) = -u**2 - 4*u. Let s be 5 - (1 + (-1 - 0)). Let a(d) = -11*d - 3. Let c(v) = 16*v + 5. Let r(z) = 3*a(z) + 2*c(z). Let p be r(s). Give n(p).
0
Let n(f) = -f**3 + 10*f**2 - 9*f + 6. Suppose 4*g + 2*s - 14 = 0, 3*s = -4*g - 0*s + 13. Suppose -36 + 72 = g*a. Give n(a).
6
Let j(r) = 2*r**2 - 8*r - 10 - 3*r + 2 + 9. What is j(6)?
7
Let y(q) = -2*q + 4. Suppose -z + 75 = 14*z. Determine y(z).
-6
Let s(f) be the first derivative of -f**4/4 + 4*f**3/3 + f**2/2 - 4*f - 11. Let z be ((-6)/(-9))/((-2)/(-12)). Give s(z).
0
Let p(b) be the third derivative of -b**5/60 - 5*b**4/24 + b**3 - 68*b**2. Calculate p(-8).
-18
Let o = 431 - 10343/24. Let k(w) be the third derivative of 0 + 0*w - 7*w**2 - 2/3*w**3 - o*w**4. Calculate k(-4).
0
Let y(n) = n**2 - 3*n - 3. Suppose 2*t = 2*o + 8, -4*t + 3*o = -0*o - 18. What is y(t)?
15
Let y(d) = d - 7. Let a be y(10). Let t(k) = 1 - 4*k**2 + 23*k - 2*k**a + k**3 - 25*k. Calculate t(-3).
-2
Suppose 26 + 4 = 10*b. Let k(t) = -t**2 + 3*t + 1. Determine k(b).
1
Suppose 2*k - 22 = -7*w + 4*w, -3*w + 5*k = 13. Suppose 5*j - 34 = -w. Let c(y) = -j - 7 + 13 - y. Calculate c(5).
-5
Let y(z) be the third derivative of -z**6/120 - z**5/60 - 11*z**3 + 458*z**2. What is y(0)?
-66
Let y be 13 - ((-4 - -8) + -6). Suppose 3*m + 8 - 3 = -i, y = -5*m. Let r(n) = -n**3 + 5*n**2 - n + 1. Give r(i).
13
Let d = 611 + -606. Let c(u) = -u**2 + 5*u + 4. Give c(d).
4
Let w(d) be the third derivative of -1/60*d**5 - 1/120*d**6 + d**2 + 0*d + 0 - 1/6*d**3 + 0*d**4. Let t be (-3)/2*8/6. What is w(t)?
3
Suppose 4*n - 21 = -3*n. Let o(c) = c**n - 5 - c**2 - 5*c + 2 + 5. Calculate o(3).
5
Let o(k) be the first derivative of 3*k**2/2 - 10*k + 42. What is o(3)?
-1
Suppose 30*n - 14*n = -112. Let k(t) = t**3 + 8*t**2 + 7*t - 4. Determine k(n).
-4
Let r = 644 - 638. Let m(k) = -k**3 + 6*k**2 - 4*k + 5. What is m(r)?
-19
Let u(t) be the second derivative of t**4/12 + 4*t**3/3 - 75*t. What is u(-6)?
-12
Suppose 7 = 4*r - 5. Let i(s) be the first derivative of 5 + 4 - 4 - 1 - r*s - s**2. Determine i(-3).
3
Let p(w) = w**3 + 10*w**2 + 8*w - 13. Let h be (-4)/6 - (2200/24)/11. Calculate p(h).
-4
Let w(p) = -3*p**2 + 15*p + 39. Let t be w(-2). Let r(a) = -a**3 + a. Give r(t).
24
Let l(g) be the second derivative of 24*g - g**3 + 0 - 3/2*g**2. Calculate l(4).
-27
Let c(u) = 4*u**2 + 50*u - 28*u + 2*u**3 - u**3 + 1 - 21*u. Give c(-3).
7
Let u(z) = -20 - 13 - 4*z - 11 + 47. Let s = 2 - 0. Suppose 0 = 3*w - s*h + 2, -2*w + h - 2*h + 8 = 0. Determine u(w).
-5
Let k(y) = -7*y - 4. Let n(t) = t - 3 + 0*t - 3*t - 5*t. Let l(j) = 4*k(j) - 5*n(j). Determine l(-1).
-8
Suppose -59*l + 75*l = -48. Let w(v) = -1 - 4 - v**2 - v + 5. Give w(l).
-6
Let y be 0/(2 + 2 + -5). Let w(h) = -h - 4. What is w(y)?
-4
Let w(x) = -x**3 + 17*x**2 - 14*x - 18. Let c be w(16). Let g = -6 + c. Let a = g + -15. Let r(u) = -u**3 - 6*u**2 + 8*u + 3. Give r(a).
-4
Let a(v) = 3*v - 4. Let x(w) = 2*w - 3. Suppose -3*p + z - 7 = -z, 0 = -5*z - 5. Let j(u) = p*a(u) + 4*x(u). Give j(5).
-5
Let z(l) = -14*l**2 - 2*l + 13. Let y(j) = -30*j**2 - 4*j + 24. Let m(x) = -6*y(x) + 11*z(x). Calculate m(1).
27
Let i(o) be the second derivative of -o**5/20 + o**4/4 + o**3/3 - 2*o**2 + 306*o. Calculate i(3).
2
Let c(x) be the third derivative of -x**5/60 + x**4/24 - x**3/3 + 66*x**2. Determine c(3).
-8
Let b(g) = -2*g**3 + 3*g**2 + 6*g - 1. Let t be b(-2). Let i = t + -12. Let l(n) = -n**2 + 7*n - 4. Calculate l(i).
8
Let u(y) = -6*y**2 + 0*y - 6*y - 